True
Is 12949926169 a composite number?
True
Is 5785274101 composite?
False
Is 502898951 composite?
True
Is 3717032857 a prime number?
False
Is 1953823633 composite?
False
Is 778513651 composite?
True
Is 5495350541 composite?
True
Is 86965015547 prime?
True
Is 20967475799 prime?
True
Is 21689068397 composite?
False
Is 7308642191 prime?
True
Is 28711131859 composite?
True
Is 1978138339 a prime number?
False
Is 5691271939 prime?
False
Is 726873041 a prime number?
True
Is 3245156983 a prime number?
False
Is 2999481713 composite?
True
Is 28349340389 composite?
False
Is 319670094131 a prime number?
True
Is 209538787 a composite number?
True
Is 2713811 composite?
False
Is 42971495981 composite?
True
Is 439560073 a prime number?
True
Is 5420964193 a composite number?
True
Is 12229615331 a prime number?
False
Is 1656950599 a composite number?
True
Is 60876168029 composite?
False
Is 629383541 composite?
True
Is 837475553 composite?
True
Is 3855617339 prime?
False
Is 24399250433 a prime number?
True
Is 3745529939 composite?
False
Is 1347800327 a prime number?
False
Is 844722701 composite?
True
Is 8531945467 a prime number?
False
Is 1650570751 prime?
False
Is 42415998419 a prime number?
True
Is 6350387539 composite?
True
Is 56466034681 composite?
True
Is 172221453749 prime?
True
Is 9687817417 composite?
False
Is 14395553443 a prime number?
False
Is 711850094 composite?
True
Is 19124969263 a composite number?
False
Is 196598931349 composite?
False
Is 9968558767 prime?
True
Is 60565714409 composite?
True
Is 51302460619 a prime number?
False
Is 13036017263 a composite number?
False
Is 17568187807 a prime number?
False
Is 253023571 a composite number?
False
Is 272007691 composite?
True
Is 45466642217 composite?
True
Is 13109601541 composite?
True
Is 32020755611 prime?
False
Is 44141348261 composite?
True
Is 1010762147 composite?
False
Is 2014326373 a prime number?
False
Is 543297241 composite?
True
Is 763659569 composite?
False
Is 83510125063 a composite number?
True
Is 4045078211 a prime number?
False
Is 34935541 prime?
False
Is 344501653 a composite number?
True
Is 171650390027 composite?
False
Is 45014830787 composite?
True
Is 2987153083 composite?
True
Is 2214243517 composite?
True
Is 129856141 composite?
True
Is 7943322553 prime?
True
Is 14612146321 prime?
False
Is 4278319679 composite?
False
Is 545696453 prime?
False
Is 14693076731 composite?
False
Is 2533141001 composite?
True
Is 1019710717 a composite number?
False
Is 141582359747 a composite number?
False
Is 24066363221 a prime number?
False
Is 132052487747 a prime number?
True
Is 22926258149 a composite number?
False
Is 556723373 a composite number?
False
Is 9802286657 composite?
True
Is 21119594602 a prime number?
False
Is 562446557 a composite number?
False
Is 1158230581 a prime number?
True
Is 11233819127 a composite number?
True
Is 6482009141 a composite number?
True
Is 2530702697 prime?
True
Is 14248508263 a composite number?
True
Is 237898419739 composite?
False
Is 5629865998 a composite number?
True
Is 55418449727 composite?
False
Is 281759826163 prime?
True
Is 3377678207 composite?
False
Is 62314725563 composite?
False
Is 13482510955 a composite number?
True
Is 873917351 prime?
False
Is 107334208573 composite?
True
Is 2833739539 prime?
True
Is 3586632473 prime?
True
Is 840690589 a composite number?
True
Is 93145552609 a prime number?
True
Is 36214861129 a prime number?
False
Is 60143940979 composite?
True
Is 17043990121 prime?
True
Is 1239428497 composite?
False
Is 4067772517 a composite number?
False
Is 12279359203 composite?
True
Is 280155041 a composite number?
True
Is 571701113 composite?
False
Is 533398171 a prime number?
False
Is 16051776029 a composite number?
True
Is 541562657 a prime number?
False
Is 7630007407 a prime number?
False
Is 808168414 composite?
True
Is 246085063 a prime number?
False
Is 1243698361 a composite number?
True
Is 6883379329 a composite number?
False
Is 1546288819 prime?
True
Is 7866757573 prime?
True
Is 9933535661 composite?
True
Is 3118156619 composite?
False
Is 103954111 composite?
True
Is 12343826557 a prime number?
True
Is 8821292273 a prime number?
True
Is 2410892749 a prime number?
True
Is 905908849 a prime number?
False
Is 207877777 composite?
False
Is 223014788497 a composite number?
False
Is 591896411 prime?
True
Is 848919289 composite?
True
Is 278262766862 a prime number?
False
Is 2427324967 composite?
True
Is 1410333761 composite?
False
Is 47443189939 a composite number?
True
Is 8924446127 prime?
False
Is 12002160757 a prime number?
True
Is 361548059 a composite number?
False
Is 14613384547 composite?
True
Is 165018209 a prime number?
True
Is 138936078509 a prime number?
True
Is 626120563 a composite number?
True
Is 2168187617 a prime number?
True
Is 2480811253 composite?
False
Is 59153787827 prime?
False
Is 82708347809 a composite number?
True
Is 3441880159 a prime number?
False
Is 528379609 a composite number?
True
Is 307224557 prime?
False
Is 11109062231 composite?
False
Is 61530167833 composite?
True
Is 114292438003 a composite number?
False
Is 3858371989 composite?
True
Is 263536103 prime?
True
Is 24203593 prime?
True
Is 33512812881 composite?
True
Is 78166372409 a composite number?
True
Is 1831215917 a composite number?
False
Is 43719134839 a composite number?
True
Is 6629247179 prime?
True
Is 1858769191 composite?
False
Is 14748034381 composite?
False
Is 72533143511 a prime number?
False
Is 42317897977 prime?
True
Is 286467542149 composite?
False
Is 252760721441 a composite number?
False
Is 383842783 a composite number?
True
Is 398509037 a composite number?
False
Is 53326823357 a prime number?
True
Is 117324911 a composite number?
True
Is 21957773477 a composite number?
True
Is 43320238597 a prime number?
True
Is 2815427473 prime?
False
Is 1997884699 prime?
True
Is 127247571901 a composite number?
False
Is 15899369783 a composite number?
True
Is 3330875113 prime?
True
Is 2496718981 composite?
True
Is 73864051 a composite number?
False
Is 247791707 composite?
False
Is 67549729531 a composite number?
True
Is 3303958429 a prime number?
False
Is 2358646613 composite?
True
Is 291773389 prime?
True
Is 1291781203 prime?
False
Is 44692549 a prime number?
False
Is 10767113969 a prime number?
False
Is 4049778023 prime?
False
Is 3129421231 composite?
True
Is 77695937827 a prime number?
False
Is 52961819051 a prime number?
False
Is 64019674567 composite?
False
Is 193197633019 a composite number?
False
Is 230575421 a composite number?
False
Is 269421764773 a prime number?
False
Is 1934341021 a composite number?
True
Is 907710539 a prime number?
True
Is 11813280197 composite?
False
Is 725998503 prime?
False
Is 10727946221 a prime number?
False
Is 8604506267 a composite number?
True
Is 481365529 a composite number?
True
Is 24615467 prime?
True
Is 306234282829 a composite number?
False
Is 164651041 a prime number?
True
Is 3812577899 a prime number?
False
Is 6941143661 prime?
True
Is 2373347929 prime?
False
Is 90972377 a prime number?
True
Is 2319024011 prime?
True
Is 233037083 composite?
True
Is 956908769 a prime number?
False
Is 2997995887 a prime number?
True
Is 6611119909 prime?
True
Is 77345728606 composite?
True
Is 48281038007 a composite number?
True
Is 422719793 a composite number?
False
Is 39866245847 a composite number?
True
Is 432664337 composite?
True
Is 739168889 composite?
False
Is 2367543823 a composite number?
False
Is 4304914519 prime?
False
Is 5427686647 prime?
True
Is 20280293179 composite?
True
Is 20755298711 a prime number?
False
Is 1150543607 a composite number?
True
Is 5029423333 composite?
True
Is 587634877 a prime number?
True
Is 1239831559 a prime number?
True
Is 1009437853 a composite number?
False
Is 2353628073 a prime number?
False
Is 67469979851 a prime number?
True
Is 39489913 a prime number?
False
Is 7337171 composite?
True
Is 20870669107 a prime number?
True
Is 5725738157 a prime number?
True
Is 13240181 a composite number?
False
Is 2014151683 a prime number?
True
Is 41824322769 prime?
False
Is 5013712043 prime?
True
Is 5507524331 a composite number?
True
Is 124646177303 composite?
True
Is 37926119717 composite?
False
Is 570275833 a prime number?
True
Is 11247008315 a prime number?
False
Is 7868197131 prime?
False
Is 38